ndred thousands digit of 10365543?
3
What is the ten thousands digit of 768104?
6
What is the hundred thousands digit of 24452898?
4
What is the tens digit of 129301?
0
What is the ten thousands digit of 342200?
4
What is the ten thousands digit of 3971655?
7
What is the tens digit of 5769163?
6
What is the tens digit of 9360733?
3
What is the thousands digit of 317847?
7
What is the thousands digit of 655764?
5
What is the ten thousands digit of 240094?
4
What is the millions digit of 11297350?
1
What is the tens digit of 1593741?
4
What is the thousands digit of 407309?
7
What is the tens digit of 26872881?
8
What is the thousands digit of 749820?
9
What is the hundred thousands digit of 2929152?
9
What is the thousands digit of 920514?
0
What is the tens digit of 33184?
8
What is the thousands digit of 898086?
8
What is the millions digit of 17153382?
7
What is the units digit of 953950?
0
What is the units digit of 534327?
7
What is the units digit of 7477008?
8
What is the ten thousands digit of 527922?
2
What is the hundreds digit of 3419911?
9
What is the tens digit of 479548?
4
What is the units digit of 173943?
3
What is the tens digit of 3066668?
6
What is the ten thousands digit of 100913?
0
What is the units digit of 2705455?
5
What is the thousands digit of 7411769?
1
What is the tens digit of 261150?
5
What is the thousands digit of 5934004?
4
What is the hundreds digit of 74398?
3
What is the millions digit of 1127754?
1
What is the thousands digit of 348541?
8
What is the tens digit of 118245?
4
What is the hundred thousands digit of 343331?
3
What is the hundred thousands digit of 31787646?
7
What is the thousands digit of 17350003?
0
What is the hundreds digit of 49356?
3
What is the millions digit of 5293547?
5
What is the thousands digit of 12968890?
8
What is the thousands digit of 199533?
9
What is the thousands digit of 13588152?
8
What is the hundreds digit of 2329139?
1
What is the ten thousands digit of 508544?
0
What is the hundreds digit of 347663?
6
What is the thousands digit of 5169383?
9
What is the units digit of 244552?
2
What is the ten thousands digit of 142381?
4
What is the ten thousands digit of 10948328?
4
What is the thousands digit of 365463?
5
What is the units digit of 8861654?
4
What is the thousands digit of 1584391?
4
What is the units digit of 91609?
9
What is the thousands digit of 152218?
2
What is the millions digit of 13286609?
3
What is the thousands digit of 5420961?
0
What is the units digit of 58601?
1
What is the units digit of 281159?
9
What is the millions digit of 12683544?
2
What is the units digit of 14036554?
4
What is the tens digit of 592442?
4
What is the hundreds digit of 14754722?
7
What is the units digit of 665942?
2
What is the ten thousands digit of 8118424?
1
What is the ten thousands digit of 5520129?
2
What is the units digit of 1100020?
0
What is the units digit of 3410530?
0
What is the hundreds digit of 220491?
4
What is the ten thousands digit of 484832?
8
What is the hundreds digit of 3702891?
8
What is the millions digit of 3288680?
3
What is the thousands digit of 80360?
0
What is the units digit of 7552294?
4
What is the ten thousands digit of 204380?
0
What is the units digit of 8347027?
7
What is the hundred thousands digit of 3927313?
9
What is the thousands digit of 5093743?
3
What is the units digit of 2943106?
6
What is the units digit of 3309121?
1
What is the units digit of 4919549?
9
What is the thousands digit of 696733?
6
What is the tens digit of 4313775?
7
What is the hundreds digit of 618850?
8
What is the hundreds digit of 937573?
5
What is the hundred thousands digit of 234618?
2
What is the units digit of 1425231?
1
What is the thousands digit of 836674?
6
What is the thousands digit of 2469516?
9
What is the tens digit of 13107498?
9
What is the hundred thousands digit of 5209090?
2
What is the tens digit of 172717?
1
What is the hundred thousands digit of 18953642?
9
What is the tens digit of 594085?
8
What is the hundred thousands digit of 11958748?
9
What is the hundred thousands digit of 255038?
2
What is the thousands digit of 220438?
0
What is the hundreds digit of 87893?
8
What is the units digit of 10262291?
1
What is the hundred thousands digit of 2409400?
4
What is the ten thousands digit of 237496?
3
What is the tens digit of 1108275?
7
What is the hundreds digit of 1481094?
0
What is the tens digit of 3243906?
0
What is the hundreds digit of 10414990?
9
What is the units digit of 232020?
0
What is the thousands digit of 7857703?
7
What is the tens digit of 70799?
9
What is the tens digit of 1212198?
9
What is the ten millions digit of 17498654?
1
What is the tens digit of 149277?
7
What is the hundreds digit of 593622?
6
What is the tens digit of 2478219?
1
What is the ten thousands digit of 393189?
9
What is the hundred thousands digit of 4238503?
2
What is the thousands digit of 67650?
7
What is the thousands digit of 510600?
0
What is the thousands digit of 202495?
2
What is the hundreds digit of 1244256?
2
What is the hundred thousands digit of 1512989?
5
What is the ten thousands digit of 9741178?
4
What is the millions digit of 22844136?
2
What is the tens digit of 633946?
4
What is the tens digit of 247722?
2
What is the ten thousands digit of 2904399?
0
What is the thousands digit of 2696644?
6
What is the hundred thousands digit of 3922504?
9
What is the hundred thousands digit of 5313002?
3
What is the ten thousands digit of 174289?
7
What is the tens digit of 95460?
6
What is the ten thousands digit of 124188?
2
What is the ten thousands digit of 420825?
2
What is the hundreds digit of 5952002?
0
What is the millions digit of 2773377?
2
What is the hundred thousands digit of 4234302?
2
What is the ten thousands digit of 69176?
6
What is the hundreds digit of 1578541?
5
What is the hundreds digit of 6760525?
5
What is the ten thousands digit of 102991?
0
What is the hundreds digit of 228510?
5
What is the ten thousands digit of 5258239?
5
What is the tens digit of 18984121?
2
What is the hundred thousands digit of 341362?
3
What is the tens digit of 56333?
3
What is the hundreds digit of 2274078?
0
What is the tens digit of 752016?
1
What is the units digit of 366704?
4
What is the millions digit of 1354191?
1
What is the hundred thousands digit of 7796798?
7
What is the hundreds digit of 145006?
0
What is the thousands digit of 20333845?
3
What is the units digit of 2990087?
7
What is the units digit of 188312?
2
What is the ten millions digit of 13819792?
1
What is the hundreds digit of 1249726?
7
What is the thousands digit of 8146156?
6
What is the tens digit of 4412713?
1
What is the tens digit of 6191726?
2
What is the tens digit of 3524747?
4
What is the ten thousands digit of 46456?
4
What is the hundred thousands digit of 866998?
8
What is the ten thousands digit of 6186445?
8
What is the hundreds digit of 14018512?
5
What is the tens digit of 1052499?
9
What is the hundred thousands digit of 314950?
3
What is the tens digit of 14593982?
8
What is the hundred thousands digit of 1477853?
4
What is the hundred thousands digit of 658392?
6
What is the thousands digit of 440435?
0
What is the thousands digit of 1004189?
4
What is the tens digit of 4565003?
0
What is the thousands digit of 800401?
0
What is the ten thousands digit of 969528?
6
What is the ten thousands digit of 446912?
4
What is the hundred thousands digit of 3506097?
5
What is the hundreds digit of 168397?
3
What is the tens digit of 826781?
8
What is the units digit of 295849?
9
What is the tens digit of 5748501?
0
What is the units digit of 19215654?
4
What is the thousands digit of 7186730?
6
What is the tens digit of 199988?
8
What is the thousands digit of 1835765?
5
What is the hundred thousands digit of 1656379?
6
What is the thousands digit of 28752?
8
What is the units digit of 349429?
9
What is the ten thousands digit of 1239558?
3
What is the units digit of 106654?
4
What is the tens digit of 7710?
1
What is the millions digit of 1890726?
1
What is the ten thousands digit of 13781253?
8
What is the hundreds digit of 734375?
3
What is the ten thousands digit of 1750825?
5
What is the millions digit of 2600232?
2
What is the thousands di